{"id":2966,"date":"2018-03-16T15:18:48","date_gmt":"2018-03-16T14:18:48","guid":{"rendered":"https:\/\/questcequonboit.fr\/?page_id=2966"},"modified":"2018-03-22T17:41:34","modified_gmt":"2018-03-22T16:41:34","slug":"mezcal-rey-campero-mexicano","status":"publish","type":"page","link":"https:\/\/questcequonboit.fr\/?page_id=2966","title":{"rendered":"Mezcal Rey Campero Mexicano"},"content":{"rendered":"<p><a href=\"https:\/\/www.cavesduroy.fr\/commande-en-ligne\/23_rey-campero\"><img loading=\"lazy\" decoding=\"async\" class=\"aligncenter size-medium wp-image-3042\" src=\"https:\/\/questcequonboit.fr\/wp-content\/uploads\/2018\/03\/Logo-Rey-Campero-225x300.jpg\" alt=\"\" width=\"225\" height=\"300\" \/><\/a><\/p>\n<p style=\"text-align: center;\"><em>Mezcal Rey Campero Mexicano produit dans l&rsquo;\u00e9tat de Oaxaca \u00e0 partir d&rsquo;agaves Mexicano de 12 ans d&rsquo;\u00e2ge <\/em><\/p>\n<p><img loading=\"lazy\" decoding=\"async\" class=\"aligncenter size-medium wp-image-3049\" src=\"https:\/\/questcequonboit.fr\/wp-content\/uploads\/2018\/03\/agave-mexicano-1-300x225.jpg\" alt=\"\" width=\"300\" height=\"225\" \/><\/p>\n<p style=\"text-align: center;\"><em>par le maestro mezcalero Romulo Sanchez <\/em><\/p>\n<p><img loading=\"lazy\" decoding=\"async\" class=\"aligncenter size-medium wp-image-3174\" src=\"https:\/\/questcequonboit.fr\/wp-content\/uploads\/2018\/03\/maestro-mezcalero-romulo-sanchez-263x300.jpg\" alt=\"\" width=\"263\" height=\"300\" \/><\/p>\n<p style=\"text-align: center;\"><em>de la communaut\u00e9 Candelaria Yegol\u00e9, petit village de 150 habitants<\/em><\/p>\n<p><img loading=\"lazy\" decoding=\"async\" class=\"aligncenter size-full wp-image-3051\" src=\"https:\/\/questcequonboit.fr\/wp-content\/uploads\/2018\/03\/candelaria-yegole-e1520723605368.jpg\" alt=\"\" width=\"224\" height=\"171\" \/><\/p>\n<p style=\"text-align: center;\"><em>La distillerie Sanchez est une petite entreprise familiale depuis quatre g\u00e9n\u00e9ration ou les mezcaleros Sanchez se succ\u00e8dent de p\u00e8re en fils<\/em><\/p>\n<p><img loading=\"lazy\" decoding=\"async\" class=\"aligncenter size-medium wp-image-3050\" src=\"https:\/\/questcequonboit.fr\/wp-content\/uploads\/2018\/03\/Screen-Shot-2018-01-11-at-17.54.15-300x200.png\" alt=\"\" width=\"300\" height=\"200\" \/><\/p>\n<p style=\"text-align: center;\"><em>Les agaves Mexicano sont cuites dans un petit four creus\u00e9 sous terre<\/em><\/p>\n<p><img loading=\"lazy\" decoding=\"async\" class=\"aligncenter size-medium wp-image-3054\" src=\"https:\/\/questcequonboit.fr\/wp-content\/uploads\/2018\/03\/IMG_2743-225x300.jpg\" alt=\"\" width=\"225\" height=\"300\" \/><\/p>\n<p style=\"text-align: center;\"><em> puis coup\u00e9es et broy\u00e9es par une un moulin en pierre tract\u00e9 par un cheval<\/em><\/p>\n<p><img loading=\"lazy\" decoding=\"async\" class=\"aligncenter size-medium wp-image-3053\" src=\"https:\/\/questcequonboit.fr\/wp-content\/uploads\/2018\/03\/IMG_2683-225x300.jpg\" alt=\"\" width=\"225\" height=\"300\" \/><\/p>\n<p style=\"text-align: center;\"><em> La cuve de fermentation est en bois de pin ou de ch\u00eane et l&rsquo;eau utilis\u00e9e est celle du fleuve<\/em><\/p>\n<p><img loading=\"lazy\" decoding=\"async\" class=\"aligncenter size-medium wp-image-3055\" src=\"https:\/\/questcequonboit.fr\/wp-content\/uploads\/2018\/03\/Screen-Shot-2018-01-11-at-17.48.34-300x200.png\" alt=\"\" width=\"300\" height=\"200\" \/><\/p>\n<p style=\"text-align: center;\"><em>La double distillation se fait en alambic de cuivre de 300 litres<\/em><\/p>\n<p><img loading=\"lazy\" decoding=\"async\" class=\"aligncenter size-medium wp-image-3056\" src=\"https:\/\/questcequonboit.fr\/wp-content\/uploads\/2018\/03\/IMG_2692-225x300.jpg\" alt=\"\" width=\"225\" height=\"300\" \/><\/p>\n<p><strong><em>Au nez, gazon fraichement coup\u00e9. En bouche, fruit\u00e9 et fum\u00e9<\/em><\/strong><\/p>\n<div id=\"attachment_3117\" style=\"width: 236px\" class=\"wp-caption aligncenter\"><a href=\"https:\/\/www.cavesduroy.fr\/commande-en-ligne\/tequila-mezcal-sotol\/6165-rey-campero-mexicano.html?search_query=rey+campero&amp;results=7\"><img loading=\"lazy\" decoding=\"async\" aria-describedby=\"caption-attachment-3117\" class=\"size-medium wp-image-3117\" src=\"https:\/\/questcequonboit.fr\/wp-content\/uploads\/2018\/03\/rey-campero-mexicano-226x300.jpg\" alt=\"\" width=\"226\" height=\"300\" \/><\/a><p id=\"caption-attachment-3117\" class=\"wp-caption-text\">Mezcal Rey Campero Mexicano<\/p><\/div>\n","protected":false},"excerpt":{"rendered":"<p>Mezcal Rey Campero Mexicano produit dans l&rsquo;\u00e9tat de Oaxaca \u00e0 partir d&rsquo;agaves Mexicano de 12 ans d&rsquo;\u00e2ge par le maestro mezcalero Romulo Sanchez de la communaut\u00e9 Candelaria Yegol\u00e9, petit village de 150 habitants La distillerie Sanchez est une petite entreprise familiale depuis quatre g\u00e9n\u00e9ration ou les mezcaleros Sanchez se succ\u00e8dent de p\u00e8re en fils Les agaves Mexicano sont cuites dans un petit four creus\u00e9 sous terre puis coup\u00e9es et broy\u00e9es par une un moulin en pierre tract\u00e9 par un cheval La cuve de fermentation est en bois de pin ou de ch\u00eane et l&rsquo;eau utilis\u00e9e est celle du fleuve La double distillation se fait en alambic de cuivre de 300 litres Au nez, gazon fraichement coup\u00e9. En bouche, fruit\u00e9 et fum\u00e9<\/p>\n","protected":false},"author":2,"featured_media":0,"parent":0,"menu_order":0,"comment_status":"closed","ping_status":"closed","template":"","meta":{"footnotes":""},"aioseo_notices":[],"_links":{"self":[{"href":"https:\/\/questcequonboit.fr\/index.php?rest_route=\/wp\/v2\/pages\/2966"}],"collection":[{"href":"https:\/\/questcequonboit.fr\/index.php?rest_route=\/wp\/v2\/pages"}],"about":[{"href":"https:\/\/questcequonboit.fr\/index.php?rest_route=\/wp\/v2\/types\/page"}],"author":[{"embeddable":true,"href":"https:\/\/questcequonboit.fr\/index.php?rest_route=\/wp\/v2\/users\/2"}],"replies":[{"embeddable":true,"href":"https:\/\/questcequonboit.fr\/index.php?rest_route=%2Fwp%2Fv2%2Fcomments&post=2966"}],"version-history":[{"count":10,"href":"https:\/\/questcequonboit.fr\/index.php?rest_route=\/wp\/v2\/pages\/2966\/revisions"}],"predecessor-version":[{"id":3182,"href":"https:\/\/questcequonboit.fr\/index.php?rest_route=\/wp\/v2\/pages\/2966\/revisions\/3182"}],"wp:attachment":[{"href":"https:\/\/questcequonboit.fr\/index.php?rest_route=%2Fwp%2Fv2%2Fmedia&parent=2966"}],"curies":[{"name":"wp","href":"https:\/\/api.w.org\/{rel}","templated":true}]}}