{"id":2972,"date":"2018-03-22T17:17:29","date_gmt":"2018-03-22T16:17:29","guid":{"rendered":"https:\/\/questcequonboit.fr\/?page_id=2972"},"modified":"2018-03-22T17:34:33","modified_gmt":"2018-03-22T16:34:33","slug":"mezcal-rey-campero-espadin-et-pulquero-en-olla-de-barro","status":"publish","type":"page","link":"https:\/\/questcequonboit.fr\/?page_id=2972","title":{"rendered":"Mezcal Rey Campero Espadin et Pulquero en Olla de Barro"},"content":{"rendered":"<p style=\"text-align: center;\"><a href=\"https:\/\/www.cavesduroy.fr\/commande-en-ligne\/23_rey-campero\"><img loading=\"lazy\" decoding=\"async\" class=\"aligncenter size-medium wp-image-3042\" src=\"https:\/\/questcequonboit.fr\/wp-content\/uploads\/2018\/03\/Logo-Rey-Campero-225x300.jpg\" alt=\"\" width=\"225\" height=\"300\" \/><\/a><em>Le Mezcal Rey Campero Espadin et Pulquero est produit dans l&rsquo;\u00e9tat de Tahona \u00e0 partir d&rsquo;agaves Espadin<\/em><\/p>\n<p><img loading=\"lazy\" decoding=\"async\" class=\"aligncenter size-medium wp-image-3031\" src=\"https:\/\/questcequonboit.fr\/wp-content\/uploads\/2018\/03\/Agave-Espadin-300x194.jpg\" alt=\"\" width=\"300\" height=\"194\" \/><\/p>\n<p style=\"text-align: center;\"><em> et Pulquero<\/em><\/p>\n<p><img loading=\"lazy\" decoding=\"async\" class=\"aligncenter size-medium wp-image-3175\" src=\"https:\/\/questcequonboit.fr\/wp-content\/uploads\/2018\/03\/agave-pulquero-300x225.jpg\" alt=\"\" width=\"300\" height=\"225\" \/><\/p>\n<p style=\"text-align: center;\"><em>par le maestro mezcalero Romulo Sanchez Parada<\/em><\/p>\n<p><img loading=\"lazy\" decoding=\"async\" class=\"aligncenter size-medium wp-image-3174\" src=\"https:\/\/questcequonboit.fr\/wp-content\/uploads\/2018\/03\/maestro-mezcalero-romulo-sanchez-263x300.jpg\" alt=\"\" width=\"263\" height=\"300\" \/><\/p>\n<p style=\"text-align: center;\"><em>de la communaut\u00e9 Candelaria Yegol\u00e9, petit village de 150 habitants<\/em><\/p>\n<p><img loading=\"lazy\" decoding=\"async\" class=\"aligncenter size-full wp-image-3051\" src=\"https:\/\/questcequonboit.fr\/wp-content\/uploads\/2018\/03\/candelaria-yegole-e1520723605368.jpg\" alt=\"\" width=\"224\" height=\"171\" \/><\/p>\n<p style=\"text-align: center;\"><em>La distillerie Sanchez est une petite entreprise familiale implant\u00e9e depuis plus de 150 ans \u00e0 Candelaria Yegol\u00e9, un petit village de l&rsquo;\u00e9tat de Tahona. Cela fait quatre g\u00e9n\u00e9ration que les maestro mezcaleros Sanchez se succ\u00e8dent de p\u00e8re en fils<\/em><\/p>\n<p><img loading=\"lazy\" decoding=\"async\" class=\"aligncenter size-medium wp-image-3050\" src=\"https:\/\/questcequonboit.fr\/wp-content\/uploads\/2018\/03\/Screen-Shot-2018-01-11-at-17.54.15-300x200.png\" alt=\"\" width=\"300\" height=\"200\" \/><\/p>\n<p style=\"text-align: center;\"><em><a href=\"https:\/\/www.cavesduroy.fr\/commande-en-ligne\/tequila-mezcal-sotol\/6174-rey-campero-espadin-et-pulquero-en-olla-de-barro.html\"><span style=\"color: #2445a2;\">Rey Campero Espadin et Pulquero<\/span><\/a> est un mezcal bio produit \u00e0 100% \u00e0 partir d&rsquo;agaves qui poussent naturellement dans cette r\u00e9gion du Mexique<\/em><\/p>\n<p style=\"text-align: center;\"><em>Les agaves Espadin et Pulquero sont cuites dans un petit four creus\u00e9 sous terre<\/em><\/p>\n<p>&nbsp;<\/p>\n<p><img loading=\"lazy\" decoding=\"async\" class=\"aligncenter size-medium wp-image-3176\" src=\"https:\/\/questcequonboit.fr\/wp-content\/uploads\/2018\/03\/IMG_8915-1-300x200.jpg\" alt=\"\" width=\"300\" height=\"200\" \/><\/p>\n<p style=\"text-align: center;\"><em>puis coup\u00e9es et broy\u00e9es par une un moulin en pierre tract\u00e9 par un cheval<\/em><\/p>\n<p><img loading=\"lazy\" decoding=\"async\" class=\"aligncenter size-medium wp-image-3053\" src=\"https:\/\/questcequonboit.fr\/wp-content\/uploads\/2018\/03\/IMG_2683-225x300.jpg\" alt=\"\" width=\"225\" height=\"300\" \/><\/p>\n<p style=\"text-align: center;\"><em>La cuve de fermentation est en bois de pin et l&rsquo;eau utilis\u00e9e est celle du fleuve<\/em><\/p>\n<p><img loading=\"lazy\" decoding=\"async\" class=\"aligncenter size-medium wp-image-3055\" src=\"https:\/\/questcequonboit.fr\/wp-content\/uploads\/2018\/03\/Screen-Shot-2018-01-11-at-17.48.34-300x200.png\" alt=\"\" width=\"300\" height=\"200\" \/><\/p>\n<p style=\"text-align: center;\"><em>La double distillation se fait en alambic Olla de Barro de 60 litres<\/em><\/p>\n<p><img loading=\"lazy\" decoding=\"async\" class=\"aligncenter size-medium wp-image-3033\" src=\"https:\/\/questcequonboit.fr\/wp-content\/uploads\/2018\/03\/SOLA-DE-VEGA-300x200.jpg\" alt=\"\" width=\"300\" height=\"200\" \/><\/p>\n<p style=\"text-align: left;\"><em>Ce lot produit en 2014 a donn\u00e9 662 bouteilles de 70cl<\/em><\/p>\n<p><em><strong>Au nez, zestes de citron et fruits tropicaux. En bouche, cendre, orange<\/strong><\/em><\/p>\n<div id=\"attachment_3179\" style=\"width: 235px\" class=\"wp-caption aligncenter\"><a href=\"https:\/\/www.cavesduroy.fr\/commande-en-ligne\/tequila-mezcal-sotol\/6174-rey-campero-espadin-et-pulquero-en-olla-de-barro.html\"><img loading=\"lazy\" decoding=\"async\" aria-describedby=\"caption-attachment-3179\" class=\"size-medium wp-image-3179\" src=\"https:\/\/questcequonboit.fr\/wp-content\/uploads\/2018\/03\/rey-campero-espadinpulquero-225x300.jpg\" alt=\"\" width=\"225\" height=\"300\" \/><\/a><p id=\"caption-attachment-3179\" class=\"wp-caption-text\">mezcal Rey Campero Espadin et Pulquero en Olla de Barro<\/p><\/div>\n","protected":false},"excerpt":{"rendered":"<p>Le Mezcal Rey Campero Espadin et Pulquero est produit dans l&rsquo;\u00e9tat de Tahona \u00e0 partir d&rsquo;agaves Espadin et Pulquero par le maestro mezcalero Romulo Sanchez Parada de la communaut\u00e9 Candelaria Yegol\u00e9, petit village de 150 habitants La distillerie Sanchez est une petite entreprise familiale implant\u00e9e depuis plus de 150 ans \u00e0 Candelaria Yegol\u00e9, un petit village de l&rsquo;\u00e9tat de Tahona. Cela fait quatre g\u00e9n\u00e9ration que les maestro mezcaleros Sanchez se succ\u00e8dent de p\u00e8re en fils Rey Campero Espadin et Pulquero est un mezcal bio produit \u00e0 100% \u00e0 partir d&rsquo;agaves qui poussent naturellement dans cette r\u00e9gion du Mexique Les agaves Espadin et Pulquero sont cuites dans un petit four creus\u00e9 sous terre &nbsp; puis coup\u00e9es et broy\u00e9es par une un moulin en pierre tract\u00e9 par un cheval La cuve de fermentation est en bois de pin et l&rsquo;eau utilis\u00e9e est celle du fleuve La double distillation se fait en alambic Olla de Barro de 60 litres Ce lot produit en 2014 a donn\u00e9 662 bouteilles de 70cl Au nez, zestes de citron et fruits tropicaux. En bouche, cendre, orange<\/p>\n","protected":false},"author":2,"featured_media":0,"parent":0,"menu_order":0,"comment_status":"closed","ping_status":"closed","template":"","meta":{"footnotes":""},"aioseo_notices":[],"_links":{"self":[{"href":"https:\/\/questcequonboit.fr\/index.php?rest_route=\/wp\/v2\/pages\/2972"}],"collection":[{"href":"https:\/\/questcequonboit.fr\/index.php?rest_route=\/wp\/v2\/pages"}],"about":[{"href":"https:\/\/questcequonboit.fr\/index.php?rest_route=\/wp\/v2\/types\/page"}],"author":[{"embeddable":true,"href":"https:\/\/questcequonboit.fr\/index.php?rest_route=\/wp\/v2\/users\/2"}],"replies":[{"embeddable":true,"href":"https:\/\/questcequonboit.fr\/index.php?rest_route=%2Fwp%2Fv2%2Fcomments&post=2972"}],"version-history":[{"count":9,"href":"https:\/\/questcequonboit.fr\/index.php?rest_route=\/wp\/v2\/pages\/2972\/revisions"}],"predecessor-version":[{"id":3184,"href":"https:\/\/questcequonboit.fr\/index.php?rest_route=\/wp\/v2\/pages\/2972\/revisions\/3184"}],"wp:attachment":[{"href":"https:\/\/questcequonboit.fr\/index.php?rest_route=%2Fwp%2Fv2%2Fmedia&parent=2972"}],"curies":[{"name":"wp","href":"https:\/\/api.w.org\/{rel}","templated":true}]}}